{"id":3,"date":"2025-08-28T07:57:16","date_gmt":"2025-08-28T07:57:16","guid":{"rendered":"https:\/\/carlochristiansen.dk\/?page_id=3"},"modified":"2025-08-28T19:52:33","modified_gmt":"2025-08-28T19:52:33","slug":"privatlivspolitik","status":"publish","type":"page","link":"https:\/\/carlochristiansen.dk\/?page_id=3","title":{"rendered":"Privatlivspolitik"},"content":{"rendered":"<p>[et_pb_section fb_built=&#8221;1&#8243; _builder_version=&#8221;4.27.4&#8243; _module_preset=&#8221;default&#8221; background_image=&#8221;https:\/\/carlochristiansen.dk\/wp-content\/uploads\/2025\/08\/jewelry-artist-13.jpg&#8221; global_colors_info=&#8221;{}&#8221; theme_builder_area=&#8221;post_content&#8221;][et_pb_row _builder_version=&#8221;4.27.4&#8243; _module_preset=&#8221;default&#8221; global_colors_info=&#8221;{}&#8221; theme_builder_area=&#8221;post_content&#8221;][et_pb_column type=&#8221;4_4&#8243; _builder_version=&#8221;4.27.4&#8243; _module_preset=&#8221;default&#8221; global_colors_info=&#8221;{}&#8221; theme_builder_area=&#8221;post_content&#8221;][et_pb_text _builder_version=&#8221;4.27.4&#8243; _module_preset=&#8221;default&#8221; text_font=&#8221;|800|||||||&#8221; text_font_size=&#8221;55px&#8221; text_orientation=&#8221;center&#8221; hover_enabled=&#8221;0&#8243; text_text_shadow_style=&#8221;preset3&#8243; global_colors_info=&#8221;{}&#8221; theme_builder_area=&#8221;post_content&#8221; sticky_enabled=&#8221;0&#8243;]<\/p>\n<p>Privatlivspolitik<\/p>\n<p>[\/et_pb_text][\/et_pb_column][\/et_pb_row][\/et_pb_section][et_pb_section fb_built=&#8221;1&#8243; theme_builder_area=&#8221;post_content&#8221; _builder_version=&#8221;4.27.4&#8243; _module_preset=&#8221;default&#8221;][et_pb_row _builder_version=&#8221;4.27.4&#8243; _module_preset=&#8221;default&#8221; theme_builder_area=&#8221;post_content&#8221;][et_pb_column _builder_version=&#8221;4.27.4&#8243; _module_preset=&#8221;default&#8221; type=&#8221;4_4&#8243; theme_builder_area=&#8221;post_content&#8221;][et_pb_text _builder_version=&#8221;4.27.4&#8243; _module_preset=&#8221;default&#8221; theme_builder_area=&#8221;post_content&#8221; hover_enabled=&#8221;0&#8243; sticky_enabled=&#8221;0&#8243;]<\/p>\n<p>Vores persondata politik beskriver, hvordan vi anvender og beskytter persondata, og skal sikre, at<br \/>medarbejderne har kendskab til de regler, der g\u00e6lder for brug af de persondata, som de har adgang til som<br \/>led i deres arbejde. Denne politik supplerer vores andre politikker om it-sikkerhed, internet og e-mail o.l.<br \/>Denne politik har til form\u00e5l at opfylde kravene i Persondataforordningen.<\/p>\n<p><strong>Behandling af personf\u00f8lsomme data i virksomheden<\/strong><br \/>Enhver behandling af persondata i vores virksomhed sker under henvisning til principperne om lovlighed,<br \/>rimelighed og gennemsigtighed. Persondata indsamles alene til udtrykkeligt angivne og legitime form\u00e5l,<br \/>ligesom vi iagttager princippet om dataminering. Vi tilstr\u00e6ber, at alle oplysninger er korrekte og ajourf\u00f8rte,<br \/>ligesom principperne om opbevaringsbegr\u00e6nsning, integritet og fortrolighed og ikke mindst ansvarlighed er<br \/>sat i h\u00f8js\u00e6det. Hvis du har sp\u00f8rgsm\u00e5l til vores behandling af persondata og denne persondatapolitik, kan<br \/>du kontakte den dataansvarlige i virksomheden: Michael Bentzen, <a href=\"mailto:mail@mbentzen.dk\">info@carlochristiansen.dk<\/a><\/p>\n<p><strong>Oplysninger der behandles \u2013 form\u00e5l<\/strong><br \/>Form\u00e5let med registrering og behandling af persondata er relevant for vores samhandel med vores kunder<br \/>og forretningspartnere. Hvis vi undtagelsesvist skal behandle persondata til form\u00e5l, der er uforenelige med<br \/>nedenst\u00e5ende, vil du blive orienteret herom. Tilsvarende g\u00e6lder, s\u00e5fremt vi indsamler eller behandler dine<br \/>persondata fra andre end den aktuelle person.<\/p>\n<p><strong>Virksomhedens forretningsomr\u00e5der<\/strong><br \/>Salg og service af smykker og ure, forsikringsvurderinger ved indbrud og tyveri.<\/p>\n<p><strong>Virksomhedens forretningsprocesser<\/strong><br \/>Opf\u00f8lgning p\u00e5 salg og kommunikation i forbindelse med ordrer eller andre foresp\u00f8rgsler til os. &#8211; sikring af<br \/>brugervenlighed og sikkerhed. &#8211; optimering af vores digitale l\u00f8sninger. &#8211; mulighed for at deltage i<br \/>kundeunders\u00f8gelser, konkurrencer, lodtr\u00e6kninger, m.m. via digitale l\u00f8sninger. &#8211; Arkiv over registrerede<br \/>produkter og tilh\u00f8rende personlige oplysninger.<br \/>Vi indsamler og anvender data om vores kunder, for at opfylde vores aftaler og forretningsprocesser med<br \/>kunderne, samt for at g\u00f8re vores service bedre og sikre kvalitet i vores produkter og tjenester.<\/p>\n<p><strong>De persondata, vi behandler, omfatter:<\/strong><br \/><strong><em>Automatisk indsamlede data<\/em><\/strong> &#8211; Vi benytter en r\u00e6kke digitale l\u00f8sninger baseret p\u00e5 forskellige teknologier<br \/>med det form\u00e5l at sikre brugervenlighed og sikkerhed. Disse teknologier kan automatisk opsamle data for<br \/>at kunne tilbyde den bedst mulige brugeroplevelse. Data opsamles enten direkte af os eller af en tredjepart<br \/>p\u00e5 vegne af os. Analyse af klikstr\u00f8ms data og cookies er eksempler p\u00e5 dette. Det g\u00e6lder eksempelvis vores<br \/>kontaktfunktion p\u00e5 websiden og den tilh\u00f8rende bestilling af k\u00f8bstilbud p\u00e5 din brugte bil.<br \/>Alle bes\u00f8g til en digital l\u00f8sning medf\u00f8rer, at der sendes oplysninger fra den browser, brugeren benytter, til<br \/>en server. Det er via analyse af disse data, at vi optimerer de digitale l\u00f8sninger. Data opsamles via<br \/>tredjepart p\u00e5 vegne af os. Der kan opsamles data om den bes\u00f8genes browser for at administrere vores<br \/>system og foretage interne, marketingsrelaterede analyser baseret p\u00e5 den registreredes adf\u00e6rd.<\/p>\n<p><em><strong>Eksempler p\u00e5 data, der opsamles og analyseres<\/strong><\/em><br \/>Dato og tidspunkt for bes\u00f8g &#8211; de sider, der bes\u00f8ges i l\u00f8sningen &#8211; IP-adressens geografiske placering &#8211;<br \/>oplysninger om den anvendte browser og computer (type, version, operativsystem m.m.) &#8211; URL fra<br \/>henvisningssted (siden, hvorfra den bes\u00f8gende er kommet til vores l\u00f8sning).Vi er dataansvarlige for det<br \/>indsamlede data, og de indsamlede data bliver ikke videregivet, medmindre der foreligger et<br \/>skriftligt\/elektronisk samtykke eller der er tale om eventuelle retslige krav.<\/p>\n<p><em><strong>Oplysninger der frivilligt (aktivt) afgives<\/strong><\/em> <br \/>Vi noterer naturligvis de oplysninger, der gives os i forbindelse<br \/>med et fysisk bes\u00f8g eller et bes\u00f8g p\u00e5 vores webside. Eksempler p\u00e5 data, som du aktivt afgiver, er som<br \/>oftest almindelige og omfatter navn, adresse, telefonnummer, e-mailadresse m.v. og stammer oftest fra bestilling.<\/p>\n<p><strong><em>Oplysninger der deles med os via sociale medier<br \/><\/em><\/strong>Oplysninger sendt p\u00e5 e-mail &#8211; Oplysninger vi modtager i<br \/>forbindelse med gennemf\u00f8relse af ordre &#8211; Oplysninger der deles med os i forbindelse med unders\u00f8gelser,<br \/>events og konkurrencer og lignende.<\/p>\n<p><em><strong>Behandlingsgrundlag<\/strong><\/em><br \/>Persondata behandling er n\u00f8dvendig af hensyn til opfyldelse af kontraktm\u00e6ssige forpligtelser mellem<br \/>Carlo Christiansen Eftf. ApS og vores kunder. Visse oplysninger, herunder f\u00f8lsomme, behandles i videst<br \/>muligt omfang p\u00e5 baggrund af et skriftligt eller elektronisk samtykke.<\/p>\n<p><strong>A. Modtagelse og videregivelse af persondata<\/strong><br \/>Vi videregiver udelukkende persondata til tredjepart i overensstemmelse med, hvad der er anf\u00f8rt i<br \/>denne privatlivspolitik. Vi kan videregive oplysninger, s\u00e5fremt vi er forpligtet til at videregive eller dele<br \/>disse, for at overholde en retslig forpligtelse. Videregivelse kan ogs\u00e5 ske efter anvisning fra en domstol<br \/>eller en anden myndighed, eller for at beskytte varem\u00e6rker, rettigheder eller ejendom.<\/p>\n<p>Dette indeb\u00e6rer udveksling af oplysninger med andre virksomheder og organisationer med henblik p\u00e5<br \/>beskyttelse mod svindel. Vi anvender tjenesteudbydere og databehandlere, der udf\u00f8rer arbejde p\u00e5<br \/>vores vegne. Tjenesterne kan fx v\u00e6re server hosting og systemvedligeholdelse, analyse,<br \/>betalingsl\u00f8sninger, adresse- og soliditetskontrol, email service, m.m. Disse samarbejdspartnere kan f\u00e5<br \/>adgang til data i det omfang, det er n\u00f8dvendigt for at levere deres tjenester og services.<br \/>Samarbejdspartnerne vil v\u00e6re kontraktligt forpligtet til at behandle alle data strengt fortroligt, og har<br \/>dermed ikke tilladelse til at anvende data til andet end, hvad der er omfattet af den kontraktuelle<br \/>forpligtelse overfor os.<br \/>Vi kontrollerer, at vores samarbejdspartnere indenfor databehandling overholder deres forpligtelser.<br \/>S\u00e5fremt vi videregiver dine oplysninger til en tjenesteudbyder eller databehandler udenfor EU, sikrer<br \/>vi, at vi overholder de krav lovgivningen stiller til s\u00e5danne overf\u00f8rsler. Vi indsamler aldrig persondata,<br \/>uden forudg\u00e5ende accept ved registrering, k\u00f8b eller deltagelse i en unders\u00f8gelse m.v.<br \/><strong>Opbevarings- og slette politik<\/strong><br \/>Vi gemmer oplysninger om vores kunder og forretningspartnere, s\u00e5 l\u00e6nge vi har et legitimt og sagligt<br \/>grundlag herfor, herunder s\u00e5 vi har mulighed for kunne yde den bedst mulige service. Som udgangspunkt vil<br \/>alle persondata blive slettet efter 5 \u00e5r efter afslutning af kundeforholdet, hvorved der menes sidste aktive<br \/>transaktion.<br \/>Persondata kan blive gemt l\u00e6ngere, s\u00e5fremt der er et sagligt behov herfor, eksempelvis hvis et retskrav<br \/>skal fastl\u00e6gges, g\u00f8res g\u00e6ldende eller forsvares.<\/p>\n<p><strong><em>B1. Indsigtsret, berigtigelse og sletning<\/em><\/strong><br \/>Den registrerede person (RE) har ret til at anmode om indsigt i forhold til de oplysninger, som vi<br \/>behandler:<br \/>Hvad der behandles, form\u00e5l med behandlingen, ber\u00f8rte kategorier af persondata (almindelige eller<br \/>f\u00f8lsomme) &#8211; tidsrummet, hvori de behandles, herunder opbevares &#8211; retten til at anmode om berigtigelse<br \/>eller sletning og indgive klage til Datatilsynet.<br \/>RE har ret til at f\u00e5 urigtige oplysninger om dig selv korrigeret uden un\u00f8dig forsinkelse. RE m\u00e5 selv tage<br \/>initiativet til en s\u00e5dan berigtigelse. RE kan ligeledes anmode om at blive slettet (\u201dretten til at blive<br \/>glemt\u201d), dog f\u00f8rst efter udl\u00f8bet af vores lovgivningsm\u00e6ssige opbevaringspligt i medf\u00f8r af<br \/>bogf\u00f8ringsloven. RE kan ogs\u00e5 kontakte os, hvis RE mener, at dine persondata bliver behandlet i strid<br \/>med lovgivningen eller andre retlige forpligtelser. N\u00e5r RE henvender dig med en anmodning om at f\u00e5<br \/>rettet eller slettet dine persondata, unders\u00f8ger vi, om betingelserne er opfyldt, og gennemf\u00f8rer i s\u00e5 fald<br \/>\u00e6ndringer eller sletning s\u00e5 hurtigt som muligt. \u00d8nsker RE adgang til oplysninger registreret om os via<br \/>vores cookies, skal RE rette henvendelse til: Michael Bentzen, mail@mbentzen.dk<br \/>Er der registreret forkerte data, eller har RE andre indsigelser, kan du rette henvendelse samme sted.<br \/>RE har mulighed for at f\u00e5 indsigt i, hvilke informationer der er registreret om RE, og RE til enhver tid<br \/>g\u00f8re indsigelse mod registreringen.<\/p>\n<p><em><strong>B2. Dataportabilitet<\/strong><\/em><br \/>Den registrerede (RE) har ret til at modtage de persondata, RE har stillet til r\u00e5dighed for os, og dem, vi<br \/>har indhentet om RE hos andre akt\u00f8rer p\u00e5 baggrund af RE\u2019s samtykke.<br \/>Hvis vi behandler data om RE som led i en kontrakt, hvor RE er part, kan RE ogs\u00e5 f\u00e5 tilsendt egne data.<br \/>RE har ogs\u00e5 ret til at overf\u00f8re disse persondata til en anden tjenesteudbyder. Hvis RE \u00f8nsker at bruge<br \/>RE\u2019s ret til data-portabilitet, vil RE modtage egne persondata fra os i et almindeligt anvendt format.<\/p>\n<p><strong>C. Samtykke<\/strong><br \/>Hvor samtykke er n\u00f8dvendigt som behandlingsgrundlag, skal vi kunne dokumentere, at der foreligger et<br \/>s\u00e5dant. Derfor kr\u00e6ver vi altid et samtykke skriftligt eller elektronisk.<br \/>Samtykke er en frivillig, specifik, informeret og utvetydig viljestilkendegivelse omkring en behandling af<br \/>personoplysninger. RE kan til enhver tid tr\u00e6kke sit samtykke tilbage, og s\u00e5fremt det er eneste<br \/>behandlingsgrundlag, vil fremtidig behandling oph\u00f8re. Vores opbevaringspligt\/ret \u00e6ndres dog ikke<br \/>heraf.<br \/>Samtykket kan tr\u00e6kkes tilbage ved at rette henvendelse til os p\u00e5 de kontaktoplysninger, der er<br \/>registreret i henhold til samtykke fra RE (dataejer).<\/p>\n<p><strong>D. Hjemmeside og cookies<\/strong><br \/>Cookies er sm\u00e5 tekstfiler, der indeholder bogstaver og tal, der lagres p\u00e5 brugerens PC eller anden enhed,<br \/>n\u00e5r de bes\u00f8ger vores hjemmeside. Cookies og kan bruges til at holde styr p\u00e5 hvilke sider man har<br \/>bes\u00f8gt, og kan hj\u00e6lpe brugeren til at forts\u00e6tte tidligere bes\u00f8g, eller de kan huske sprogindstillinger eller<br \/>andre pr\u00e6ferencer i forhold til bes\u00f8g p\u00e5 hjemmesiden.<\/p>\n<p>Der er ingen personlige oplysninger gemt i vores cookies, og de kan ikke indeholde virus. Hvis vi placerer<br \/>cookies, bliver brugeren informeret om anvendelsen og form\u00e5let med at indsamle data via cookies.<br \/>Samtidig bliver brugeren bedt om at afgive sit samtykke. N\u00f8dvendige cookies til sikring af funktionalitet<br \/>og indstillinger kan dog anvendes dog uden samtykke fra bes\u00f8gende p\u00e5 vores hjemmeside.<\/p>\n<p><em><strong>D1. Cookietyper og deres form\u00e5l<\/strong><\/em><br \/>Form\u00e5let med cookies er at foretage trafikm\u00e5ling og forbedre brugeroplevelser af hjemmesiden.<br \/>Hjemmesiden kan f.eks. bruge cookies fra Google Analytics til at m\u00e5le trafikken p\u00e5 hjemmesiden.<br \/>Brugere kan frav\u00e6lge cookies fra Google Analytics her: http:\/\/tools.google.com\/dlpage\/gaoptout<br \/>Vejledning: Slet eller sl\u00e5 cookies fra i browseren &#8211; bruger kan altid afvise cookies p\u00e5 sin PC, ved at \u00e6ndre<br \/>indstillingerne i sin browser. Hvor indstillingerne findes er afh\u00e6ngig af, hvilken browser der anvendes.<br \/>Man skal dog v\u00e6re opm\u00e6rksom p\u00e5, at hvis dette g\u00f8res, er der visse funktioner og services p\u00e5 Internettet<br \/>der herefter ikke kan benyttes.<\/p>\n<p><strong>E. Sikkerhed<\/strong><br \/>Carlo Christiansen Eftf. ApS beskytter registrerede persondata, og har et s\u00e6t interne regler om<br \/>informations- og IT-sikkerhed. Vores interne sikkerhedsregler indeholder instrukser og foranstaltninger,<br \/>der beskytter dataejeres persondata mod at blive tilintetgjort, g\u00e5 tabt eller blive \u00e6ndret, mod enhver<br \/>uautoriseret offentligg\u00f8relse, og mod at uvedkommende f\u00e5r adgang eller kendskab til dem.<\/p>\n<p>Vi har fastlagte procedurer for tildeling af adgangsrettigheder til de af vores medarbejdere, der<br \/>behandler persondata, herunder f\u00f8lsomme. Vi kontrollerer deres faktiske adgang gennem logning, koder<br \/>og tilsyn. For at undg\u00e5 datatab tager vi l\u00f8bende back up af vores datas\u00e6t. I tilf\u00e6lde af et sikkerhedsbrud,<br \/>der resulterer i en h\u00f8j risiko for diskrimination, ID-tyveri, \u00f8konomisk tab, tab af omd\u00f8mme eller anden<br \/>v\u00e6sentlig ulempe, vil vi underrette dataejer om sikkerhedsbruddet s\u00e5 hurtigt som muligt.<br \/>Vi respekterer ligeledes vores lovbestemte anmeldelsespligt.<br \/>Retten til at klage<br \/>Enhver registreret person har ret til at indgive klage til Datatilsynet over vores behandling af persondata:<br \/>Datatilsynet, Borgergade 28, 5. 1300 K\u00f8benhavn K, e-mail: dt@datatilsynet.dk Tlf.: 3319 3200<\/p>\n<p><strong>Opdatering af persondatapolitikken<\/strong><br \/>Vi forbeholder os derfor ret til at opdatere og \u00e6ndre n\u00e6rv\u00e6rende retningslinjer for behandling af<br \/>persondata. G\u00f8r vi det, retter vi datoen for \u201csidst opdateret\u201d som det fremg\u00e5r nedenfor.<br \/>Denne privatlivspolitik er sidst opdateret den 28. august 2025.<br \/>Carlo Christiansen Eftf. ApS<br \/>CharlotteBentzen<\/p>\n<p>[\/et_pb_text][\/et_pb_column][\/et_pb_row][\/et_pb_section]<\/p>\n","protected":false},"excerpt":{"rendered":"<p>PrivatlivspolitikVores persondata politik beskriver, hvordan vi anvender og beskytter persondata, og skal sikre, atmedarbejderne har kendskab til de regler, der g\u00e6lder for brug af de persondata, som de har adgang til somled i deres arbejde. Denne politik supplerer vores andre politikker om it-sikkerhed, internet og e-mail o.l.Denne politik har til form\u00e5l at opfylde kravene i [&hellip;]<\/p>\n","protected":false},"author":1,"featured_media":0,"parent":0,"menu_order":0,"comment_status":"closed","ping_status":"closed","template":"","meta":{"_et_pb_use_builder":"on","_et_pb_old_content":"<!-- wp:heading -->\n<h2 class=\"wp-block-heading\">Who we are<\/h2>\n<!-- \/wp:heading -->\n<!-- wp:paragraph -->\n<p><strong class=\"privacy-policy-tutorial\">Suggested text: <\/strong>Our website address is: https:\/\/carlochristiansen.dk.<\/p>\n<!-- \/wp:paragraph -->\n<!-- wp:heading -->\n<h2 class=\"wp-block-heading\">Comments<\/h2>\n<!-- \/wp:heading -->\n<!-- wp:paragraph -->\n<p><strong class=\"privacy-policy-tutorial\">Suggested text: <\/strong>When visitors leave comments on the site we collect the data shown in the comments form, and also the visitor&#8217;s IP address and browser user agent string to help spam detection.<\/p>\n<!-- \/wp:paragraph -->\n<!-- wp:paragraph -->\n<p>An anonymized string created from your email address (also called a hash) may be provided to the Gravatar service to see if you are using it. The Gravatar service privacy policy is available here: https:\/\/automattic.com\/privacy\/. After approval of your comment, your profile picture is visible to the public in the context of your comment.<\/p>\n<!-- \/wp:paragraph -->\n<!-- wp:heading -->\n<h2 class=\"wp-block-heading\">Media<\/h2>\n<!-- \/wp:heading -->\n<!-- wp:paragraph -->\n<p><strong class=\"privacy-policy-tutorial\">Suggested text: <\/strong>If you upload images to the website, you should avoid uploading images with embedded location data (EXIF GPS) included. Visitors to the website can download and extract any location data from images on the website.<\/p>\n<!-- \/wp:paragraph -->\n<!-- wp:heading -->\n<h2 class=\"wp-block-heading\">Cookies<\/h2>\n<!-- \/wp:heading -->\n<!-- wp:paragraph -->\n<p><strong class=\"privacy-policy-tutorial\">Suggested text: <\/strong>If you leave a comment on our site you may opt-in to saving your name, email address and website in cookies. These are for your convenience so that you do not have to fill in your details again when you leave another comment. These cookies will last for one year.<\/p>\n<!-- \/wp:paragraph -->\n<!-- wp:paragraph -->\n<p>If you visit our login page, we will set a temporary cookie to determine if your browser accepts cookies. This cookie contains no personal data and is discarded when you close your browser.<\/p>\n<!-- \/wp:paragraph -->\n<!-- wp:paragraph -->\n<p>When you log in, we will also set up several cookies to save your login information and your screen display choices. Login cookies last for two days, and screen options cookies last for a year. If you select &quot;Remember Me&quot;, your login will persist for two weeks. If you log out of your account, the login cookies will be removed.<\/p>\n<!-- \/wp:paragraph -->\n<!-- wp:paragraph -->\n<p>If you edit or publish an article, an additional cookie will be saved in your browser. This cookie includes no personal data and simply indicates the post ID of the article you just edited. It expires after 1 day.<\/p>\n<!-- \/wp:paragraph -->\n<!-- wp:heading -->\n<h2 class=\"wp-block-heading\">Embedded content from other websites<\/h2>\n<!-- \/wp:heading -->\n<!-- wp:paragraph -->\n<p><strong class=\"privacy-policy-tutorial\">Suggested text: <\/strong>Articles on this site may include embedded content (e.g. videos, images, articles, etc.). Embedded content from other websites behaves in the exact same way as if the visitor has visited the other website.<\/p>\n<!-- \/wp:paragraph -->\n<!-- wp:paragraph -->\n<p>These websites may collect data about you, use cookies, embed additional third-party tracking, and monitor your interaction with that embedded content, including tracking your interaction with the embedded content if you have an account and are logged in to that website.<\/p>\n<!-- \/wp:paragraph -->\n<!-- wp:heading -->\n<h2 class=\"wp-block-heading\">Who we share your data with<\/h2>\n<!-- \/wp:heading -->\n<!-- wp:paragraph -->\n<p><strong class=\"privacy-policy-tutorial\">Suggested text: <\/strong>If you request a password reset, your IP address will be included in the reset email.<\/p>\n<!-- \/wp:paragraph -->\n<!-- wp:heading -->\n<h2 class=\"wp-block-heading\">How long we retain your data<\/h2>\n<!-- \/wp:heading -->\n<!-- wp:paragraph -->\n<p><strong class=\"privacy-policy-tutorial\">Suggested text: <\/strong>If you leave a comment, the comment and its metadata are retained indefinitely. This is so we can recognize and approve any follow-up comments automatically instead of holding them in a moderation queue.<\/p>\n<!-- \/wp:paragraph -->\n<!-- wp:paragraph -->\n<p>For users that register on our website (if any), we also store the personal information they provide in their user profile. All users can see, edit, or delete their personal information at any time (except they cannot change their username). Website administrators can also see and edit that information.<\/p>\n<!-- \/wp:paragraph -->\n<!-- wp:heading -->\n<h2 class=\"wp-block-heading\">What rights you have over your data<\/h2>\n<!-- \/wp:heading -->\n<!-- wp:paragraph -->\n<p><strong class=\"privacy-policy-tutorial\">Suggested text: <\/strong>If you have an account on this site, or have left comments, you can request to receive an exported file of the personal data we hold about you, including any data you have provided to us. You can also request that we erase any personal data we hold about you. This does not include any data we are obliged to keep for administrative, legal, or security purposes.<\/p>\n<!-- \/wp:paragraph -->\n<!-- wp:heading -->\n<h2 class=\"wp-block-heading\">Where your data is sent<\/h2>\n<!-- \/wp:heading -->\n<!-- wp:paragraph -->\n<p><strong class=\"privacy-policy-tutorial\">Suggested text: <\/strong>Visitor comments may be checked through an automated spam detection service.<\/p>\n<!-- \/wp:paragraph -->\n","_et_gb_content_width":"","footnotes":""},"class_list":["post-3","page","type-page","status-publish","hentry"],"_links":{"self":[{"href":"https:\/\/carlochristiansen.dk\/index.php?rest_route=\/wp\/v2\/pages\/3","targetHints":{"allow":["GET"]}}],"collection":[{"href":"https:\/\/carlochristiansen.dk\/index.php?rest_route=\/wp\/v2\/pages"}],"about":[{"href":"https:\/\/carlochristiansen.dk\/index.php?rest_route=\/wp\/v2\/types\/page"}],"author":[{"embeddable":true,"href":"https:\/\/carlochristiansen.dk\/index.php?rest_route=\/wp\/v2\/users\/1"}],"replies":[{"embeddable":true,"href":"https:\/\/carlochristiansen.dk\/index.php?rest_route=%2Fwp%2Fv2%2Fcomments&post=3"}],"version-history":[{"count":3,"href":"https:\/\/carlochristiansen.dk\/index.php?rest_route=\/wp\/v2\/pages\/3\/revisions"}],"predecessor-version":[{"id":53,"href":"https:\/\/carlochristiansen.dk\/index.php?rest_route=\/wp\/v2\/pages\/3\/revisions\/53"}],"wp:attachment":[{"href":"https:\/\/carlochristiansen.dk\/index.php?rest_route=%2Fwp%2Fv2%2Fmedia&parent=3"}],"curies":[{"name":"wp","href":"https:\/\/api.w.org\/{rel}","templated":true}]}}